 1 - 1111000000000101001111?
-1111000000000101001110
In base 14, what is 933 - -167a?
21ad
In base 12, what is -65 - 185a0?
-18645
In base 11, what is -3640a56 + -14?
-3640a6a
In base 5, what is 2 - 1210420432123?
-1210420432121
In base 3, what is 1212110101220 + -120?
1212110101100
In base 8, what is 67231726 + 3?
67231731
In base 10, what is -11441 + -1246?
-12687
In base 13, what is 3b - -18665?
186a3
In base 4, what is -12000033001 + -11?
-12000033012
In base 9, what is 74 - 350678?
-350604
In base 9, what is -18 - -75802?
75773
In base 7, what is -4245 - -23646?
16401
In base 13, what is a938203 - 4?
a9381cc
In base 4, what is -22121133 + 302?
-22120231
In base 15, what is 429 - 54c6?
-509c
In base 2, what is 101101101010011010 + 11110?
101101101010111000
In base 7, what is 336 + -406115?
-405446
In base 9, what is -158580 + 38?
-158541
In base 7, what is 41 - 363322126?
-363322055
In base 14, what is 765c1c + -2?
765c1a
In base 14, what is -1738071 + -9?
-173807a
In base 2, what is 11 + -1000011011110011000010?
-1000011011110010111111
In base 6, what is -4245241525 + 5?
-4245241520
In base 6, what is -1013 - -355102?
354045
In base 8, what is -13 + -17326750?
-17326763
In base 4, what is -11032102201110 + 10?
-11032102201100
In base 4, what is 13130232121 + -13331?
13130212130
In base 4, what is 11101312133 - 13201?
11101232332
In base 5, what is 23404 - 12324?
11030
In base 8, what is -5663336 - -34?
-5663302
In base 5, what is -4004032 - 1004?
-4010041
In base 3, what is 10102102221002 - 220?
10102102220012
In base 15, what is 1d5b20 - a?
1d5b15
In base 13, what is 17a - -4aa84b?
4aa9c8
In base 8, what is -31362046 - -2?
-31362044
In base 5, what is 3111440 + 4003?
3120443
In base 14, what is 20 + -8b19d?
-8b17d
In base 7, what is 1042 - -126233?
130305
In base 2, what is -1 - 1111110010110001100?
-1111110010110001101
In base 14, what is 11 - 139a65?
-139a54
In base 4, what is -2201302011212 + 1?
-2201302011211
In base 5, what is 3120023424 + 410?
3120024334
In base 15, what is -61a - 26109?
-26724
In base 6, what is 4 + -23225205?
-23225201
In base 15, what is 0 + -3888111?
-3888111
In base 10, what is 807 - 518582?
-517775
In base 12, what is 3635758 + 2?
363575a
In base 11, what is 308230 + -24?
308207
In base 5, what is -1143 + -2043234222?
-2043240420
In base 6, what is 4 + 242341520?
242341524
In base 8, what is -211432662 + -1?
-211432663
In base 6, what is 10410422 + 501?
10411323
In base 12, what is 16 - -a70a3b?
a70a55
In base 3, what is -21011202102001201 + -11?
-21011202102001212
In base 9, what is 1644 - -50640?
52384
In base 4, what is -332302122 - 100023?
-333002211
In base 11, what is -4525760 - 0?
-4525760
In base 8, what is -61464 - 114?
-61600
In base 12, what is 1369978 + 130?
1369aa8
In base 13, what is -289b5 - 68?
-28a50
In base 2, what is -11100101010 - 10111111010?
-110100100100
In base 5, what is 30013 + -120043?
-40030
In base 13, what is 7c195c7 - 3?
7c195c4
In base 13, what is 30ac99 - ab?
30abbb
In base 12, what is 5511534 + 2?
5511536
In base 7, what is -2 + -314551?
-314553
In base 2, what is 1001100111 - 10100001010111011001?
-10100001001101110010
In base 8, what is 47 + 423214?
423263
In base 2, what is 111010111000 - -110100000101?
1101110111101
In base 11, what is -1202679 - 180?
-1202849
In base 10, what is -7049 - 13711?
-20760
In base 7, what is 33014 - -32564?
65611
In base 10, what is 564 - -11535?
12099
In base 15, what is 8e810 + 847?
90157
In base 16, what is -83aa7 - c8?
-83b6f
In base 3, what is -2020 - 12120021111?
-12120100201
In base 11, what is 3697a6a + 4?
3697a73
In base 7, what is -165 - 162046044?
-162046242
In base 7, what is 26 - 226254055?
-226254026
In base 9, what is 77410 - 2788?
74511
In base 7, what is -16 - -12042514?
12042465
In base 9, what is -104 + 228261?
228156
In base 7, what is -53 + 4443434?
4443351
In base 6, what is 30024331524 - -2?
30024331530
In base 6, what is -34502432 - -52?
-34502340
In base 11, what is 0 + -1336068?
-1336068
In base 13, what is -1537cb4 + 3?
-1537cb1
In base 9, what is -2 - -577842?
577840
In base 11, what is -90676 - 149?
-90814
In base 5, what is 4 + 1332223302?
1332223311
In base 11, what is 335 - -185488?
185812
In base 4, what is -23303 - 13012203?
-13102112
In base 9, what is 548 + -16623?
-16064
In base 14, what is a6cb2 + -41?
a6c71
In base 9, what is -104 + 43237?
43133
In base 9, what is 6365 - -4475?
11851
In base 14, what is 81 - 2757c?
-274db
In base 16, what is -5 - -61d5cf1?
61d5cec
In base 16, what is 9ef + e20?
180f
In base 10, what is -101385 + -966?
-102351
In base 12, what is -215 + 12917?
12702
In base 9, what is 2656271 - 2?
2656268
In base 4, what is -10233 + 0?
-10233
In base 13, what is -56 + 52094?
5203b
In base 2, what is -1011000110011101111110 + 10101001?
-1011000110011011010101
In base 2, what is -1 + -10111100001000010010?
-10111100001000010011
In base 2, what is 1 + 10101101101110101011111?
10101101101110101100000
In base 8, what is -3 - -25450?
25445
In base 10, what is -121 + 3790?
3669
In base 11, what is 79 - -62603?
62681
In base 7, what is -13 + -3356452?
-3356465
In base 7, what is 355343 - -6111?
364454
In base 2, what is -101110000101 + 110101011001?
111010100
In base 13, what is -98170 + -3?
-98173
In base 4, what is 1212002230 - 20110?
1211322120
In base 2, what is -111110001000000101 + 1?
-111110001000000100
In base 2, what is -1010 + -10000010101001010111001?
-10000010101001011000011
In base 12, what is 5 + 1628168?
1628171
In base 8, what is -51432171 + 12?
-51432157
In base 16, what is -959db2 - -8?
-959daa
In base 11, what is -4 + -461aaa9?
-4620002
In base 6, what is 102051304 + -1014?
102050250
In base 12, what is -1860630 - -23?
-1860609
In base 11, what is 46843 + a38?
47780
In base 11, what is 15aa26977 - -2?
15aa26979
In base 2, what is -111111 + -10110110101110001001?
-10110110101111001000
In base 11, what is 369991 + 2?
369993
In base 7, what is -50135 + 5435?
-41400
In base 7, what is 26244436 + -1?
26244435
In base 15, what is b2d747a + -2?
b2d7478
In base 13, what is 57b + -2ca28?
-2c47a
In base 4, what is 123 - -10030311002?
10030311131
In base 14, what is 63c35a7 - 5?
63c35a2
In base 11, what is -305587 + -20a?
-305796
In base 8, what is 41311321 - -5?
41311326
In base 7, what is -652262631 - 3?
-652262634
In base 3, what is -1010 - -202102100200?
202102022120
In base 15, what is -15 - 120c858?
-120c86d
In base 11, what is -267084 + 11a?
-266a65
In base 11, what is -29 + 228147?
228119
In base 16, what is 3eb - -145e4c?
146237
In base 16, what is -1799 + -c8e3?
-e07c
In base 14, what is 195000 + -60?
194d80
In base 13, what is -56b67 - 148?
-56cb2
In base 16, what is 3b08 + aca?
45d2
In base 11, what is a802153 + -5?
a802149
In base 3, what is -22 - -210112210122011?
210112210121212
In base 3, what is -12 + 222111210201?
222111210112
In base 9, what is -68 + 30821?
30742
In base 6, what is -115151122 - 4?
-115151130
In base 13, what is 3 + -223cba7?
-223cba4
In base 13, what is 4b1778 - -3?
4b177b
In base 2, what is 110101110111011 + -111000001011111?
-10010100100
In base 14, what is -28a + -13b10?
-13d9a
In base 10, what is 1190966 + 14?
1190980
In base 11, what is 64 - 182772?
-182709
In base 10, what is 59730168 - 14?
59730154
In base 8, what is -222 + 554152?
553730
In base 15, what is -33 + 6c9ae6?
6c9ab3
In base 13, what is 739cc2 - -50?
73a042
In base 4, what is 200232331303 - -1322?
200232333231
In base 8, what is -101214565 - 2?
-101214567
In base 6, what is 1101153330 + 1?
1101153331
In base 13, what is -52b79a + 3?
-52b797
In base 10, what is -205856006 - 2?
-205856008
In base 7, what is 6162 - -10563?
20055
In base 3, what is 20 + 112222101101210?
112222101102000
In base 11, what is 1074621 + 68?
1074689
In base 9, what is -17 - 44467711?
-44467728
In base 14, what is 0 - 2b4b12?
-2b4b12
In base 15, what is 33ebe + 11?
33ed0
In base 7, what is -2105224 + 51?
-2105143
In base 12, what is 17a5b83 - 1?
17a5b82
In base 14, what is -1d1 + -7630?
-7821
In base 7, what is -30016 + 244134?
214115
In base 6, what is 1142335 + -5000?
1133335
In base 6, what is 1152 + -10150135?
-10144543
In base 4, what is -1103 + 122102001?
122100232
In base 10, what is -101 + -466110?
-